**2 + 4*u + 2. What are the prime factors of r(-1)?
2, 3
Let x(w) = -w**2 - 3*w + 7. Let h be x(-5). List the prime factors of ((-14)/h)/((-4)/(-12)).
2, 7
Let l(z) = z**3 - 11*z**2 + z + 7. What are the prime factors of l(11)?
2, 3
Suppose m + 0*m - 5 = 0. Suppose -a = m*s - 5 - 32, 2*s = -2*a + 42. What are the prime factors of a?
17
Suppose s - 2*f = 5 - 4, -5*f = 5*s - 50. What are the prime factors of s?
7
Suppose -2*f = 2*t - 320, -2*t = 2*t + f - 634. List the prime factors of t.
2, 79
Let v = -29 - -62. Suppose 0 = 4*w - 7*w + v. Suppose 5*d - 56 + w = 0. What are the prime factors of d?
3
Suppose d - 2 = -0*d. Suppose -d*r = -3*b + 4, -b + r = -5*b + 9. List the prime factors of (1/(-2))/(b/(-32)).
2
Suppose i + 4*i = 165. List the prime factors of i.
3, 11
Suppose -2*f + 4*y = -12, 0*f - 18 = -f - y. What are the prime factors of f?
2, 7
What are the prime factors of 178 + -2 + 3 + 0/(-1)?
179
Let x(j) = 12*j + 4. Let y be x(-4). Suppose 2*h = -h + 1200. List the prime factors of 8/y + h/22.
2, 3
Let h = 19 + -9. Suppose 2*r + 4*q = h, -3*q - 6 + 3 = 0. Let p = r + -3. What are the prime factors of p?
2
Let o = 22 - 28. Let l = 18 + o. List the prime factors of l.
2, 3
Suppose -473 + 44 = -3*s. What are the prime factors of s?
11, 13
Let j(a) = a + 5. Let q be 12/30 + 46/10. Suppose -q*r + 88 = 33. What are the prime factors of j(r)?
2
Suppose 0 = 5*p - 3*f + 2*f - 21, -2*f + 3 = -p. Suppose -5*j + p*d + 95 = -0*d, -j + 13 = 5*d. List the prime factors of j.
2, 3
What are the prime factors of ((-826)/(-7))/((-6)/(-3))?
59
Suppose 3*d - 73 = 149. Suppose -3*p + 5*q = -d, 3 = -2*q - q. List the prime factors of p.
23
Let x(c) = -c**3 + 9*c**2 - 5*c - 7. Let r be (-3)/1*16/(-6). List the prime factors of x(r).
17
Let j(d) be the first derivative of 7*d**3/3 + 3*d**2/2 + d + 1. Let x be j(3). Suppose 5*s = x - 3. What are the prime factors of s?
2, 7
Let r be (0/(-3))/(0 + -2). Let k(y) = y**3 + y**2 - 5. Let m be k(r). Let h = 9 + m. List the prime factors of h.
2
Let l = 7 - 13. Let r = 113 - 117. What are the prime factors of l/(-24) - 75/r?
19
Let f = 221 + -18. What are the prime factors of f?
7, 29
Let n be 7 + (-3)/(-3) + 0. Let a = n - 4. What are the prime factors of a?
2
Let s = 190 - 130. What are the prime factors of s?
2, 3, 5
Let b(v) be the third derivative of v**4/12 - 19*v**3/6 - 7*v**2. What are the prime factors of b(13)?
7
Let n be (30/(-4))/(1/12). List the prime factors of (2/(-6))/(2/n).
3, 5
Let s(n) = -14*n**2 + 38*n - 32. Let y(z) = -5*z**2 + 13*z - 11. Let q(x) = -6*s(x) + 17*y(x). Suppose -2 + 8 = -k. List the prime factors of q(k).
11
Let q = 56 + -17. Suppose 3*r + 0*r = q. List the prime factors of r.
13
Let h = 4 + -6. Let q = 2 - h. Suppose -o = -q - 11. List the prime factors of o.
3, 5
Let q(s) = -21*s - 37. What are the prime factors of q(-13)?
2, 59
Suppose -u - 2 = 0, -o = 2*u - 3*u - 18. Let n = 34 - o. List the prime factors of n.
2, 3
Let n(s) = s + 11. Let k be n(-8). Let t be (-4)/18 - 52/9. What are the prime factors of (-14)/t - (-2)/k?
3
Let n(f) = 16*f**2 + 3. What are the prime factors of n(2)?
67
Let o = -25 - -44. Suppose -7 = 2*l - o. List the prime factors of l.
2, 3
Let r = -4 - -9. Let p be 400/r*(-4)/(-10). Suppose 4*m + 0*m = p. What are the prime factors of m?
2
Suppose 0 = -3*x - 2*a + 3*a + 15, -3*a = -5*x + 25. Let j(c) = -2 + 2*c**3 + 0*c**2 + 2*c - 4*c**2 - c**2 - c**3. What are the prime factors of j(x)?
2
Let f be 10*-7*(-4)/10. Suppose -5*a = -a - f. What are the prime factors of a?
7
Suppose -2*v + 38 = -8. List the prime factors of v.
23
Let a = -15 - -83. What are the prime factors of a?
2, 17
Let t = 2 - -11. Suppose -8*q - 65 = -t*q. What are the prime factors of q?
13
Suppose -3*b = -3*q - 48, -b + 0*b = -2*q - 28. What are the prime factors of (-4)/6 + (-80)/q?
2, 3
Let c(t) = 3*t**3 + 5*t**2 - 3. Let b(s) = -16*s**3 - 26*s**2 + 16. Let v(a) = 2*b(a) + 11*c(a). Let z be v(-1). What are the prime factors of -1*((-6)/z + 0)?
2, 3
Let y(p) = -3*p + 6. Let l be y(-12). Let k = l + -26. List the prime factors of k.
2
Suppose 2*s - 12 = -p, -4*p = -s - 2*s + 7. Let z = -2 - -6. Suppose p = -k + z. List the prime factors of k.
2
Let s = 0 - 3. List the prime factors of (-123)/(-9) + 2/s.
13
Suppose -5*i = -3*f - 368, i - 7*f - 56 = -2*f. What are the prime factors of i?
2, 19
Let v(s) = -15*s**3 - 3*s**2 - 2*s. List the prime factors of v(-2).
2, 7
Suppose -4*i = -3*w + 135, 2*w - 5*i + 190 = 7*w. List the prime factors of w.
41
Suppose 3*a = -2*a + 15. Suppose 3*b + 985 = -1226. What are the prime factors of b/(-77) - a/(-7)?
2, 5
Suppose 2*v + o + 2*o = 0, o = 4. Let j = v - -14. List the prime factors of 4/j - 3/(-2).
2
Suppose 8*j - 3*j = 0. Suppose j - 15 = -u. List the prime factors of u.
3, 5
Suppose 6*w = 2*w - 76. Let f = w + 31. What are the prime factors of f?
2, 3
Let c = 125 - 20. List the prime factors of c.
3, 5, 7
Suppose 0 = 2*i - 0*i - 20. Let w(d) = 2*d + 11. Let y be w(i). Suppose -4*m - 2*g = -14, 0*m - 5*m + 2*g = -y. What are the prime factors of m?
5
Suppose -2 = -q + 13. Suppose 0 = -3*o - 2*o. Suppose -5*g + q = -o*g. List the prime factors of g.
3
Let k(c) = c**2 - 6*c + 4. Let v be k(5). Let j be v - (0 + -1 - 0). Suppose j = 2*o + 10, s - o + 39 = 5*s. What are the prime factors of s?
11
Suppose -4*p - 4 - 4 = 0, 72 = 4*v + 4*p. What are the prime factors of v?
2, 5
What are the prime factors of (-23)/7 + 3 - (-2440)/14?
2, 3, 29
Let k(q) = -q**3 + q**2 + 3*q - 2. List the prime factors of k(-4).
2, 3, 11
Let s = -23 + -15. Let u = -15 - s. List the prime factors of u.
23
Let j(i) = -i - 2. Let q be j(-3). Suppose -3 - q = -c. What are the prime factors of c?
2
Suppose -11 + 3 = -w. List the prime factors of w.
2
Suppose 3*u - 40 = -2*u. What are the prime factors of u/28 + (-136)/(-14)?
2, 5
Suppose 7*f - 4*f - 471 = 0. List the prime factors of f.
157
Let p be 24/15 - (-6)/15. Let h be 1/(((-1)/2)/(-1)). Let o = p + h. What are the prime factors of o?
2
Suppose 3*u + 4*b - 17 = 0, 5*u + 5*b - 26 = -1. Suppose 4*p - 16 = 0, 2*a - 3*p + u - 1 = 0. List the prime factors of a.
5
Suppose 3*j - 10 = j. Suppose 4*c = j - 53. List the prime factors of (-21)/2*8/c.
7
Let b = 12 - 5. Suppose 0 = u - 4*r - 4, -u - r + b = -2*r. Let p = u - 4. What are the prime factors of p?
2
Let n(z) = 40*z**2 - z + 3. List the prime factors of n(-2).
3, 5, 11
Let y be -2*2/(4/(-3)). Let v(f) = 6 + f - 5*f + y*f. What are the prime factors of v(0)?
2, 3
Let x = 8 - 7. Let g = 3 + x. List the prime factors of g.
2
Let d = 1032 + -685. List the prime factors of d.
347
What are the prime factors of (3/2)/((-9)/(-102))?
17
Let i = 8 - 5. Suppose -3*b = 5*h - i*h - 7, 12 = -3*h. List the prime factors of b.
5
Let c = 5 + -3. Let n = 44 - 40. Suppose -n*l - 51 = -7*l - c*i, -l = -4*i - 17. List the prime factors of l.
17
Suppose -57 = -t + 7. List the prime factors of t.
2
Suppose 3*b = -2*b + 20. Let d(o) = -o**3 + 5*o**2 + 3*o - 4. What are the prime factors of d(b)?
2, 3
Suppose w = -w - 68. Let u = 49 + w. What are the prime factors of u?
3, 5
Let n(q) = -q**2 - 2*q + 164. What are the prime factors of n(0)?
2, 41
Let o be (0/(5 + -2))/2. Suppose y = -o*y. Suppose -5*n = -n + 2*m - 44, n - 5*m = y. List the prime factors of n.
2, 5
Suppose 4*y - 444 = -4*c, 5*c - 2*y - 534 = -0*y. List the prime factors of c.
2, 3
Let s = 328 - 202. List the prime factors of s.
2, 3, 7
Let s = -12 + 4. Suppose 0 = 5*j + 2*h + 12, -j - 4*h + 12 + 0 = 0. Let l = j - s. What are the prime factors of l?
2
Let f(a) = a**3 - 3*a**2 - a + 2. Let l(z) = z - 3. Let n be l(5). Let k be f(n). Let i = k - -6. List the prime factors of i.
2
Let d(i) = 3*i**3 + 3*i**2 + i + 1. Let t be d(-2). Let q be -1*1 + 140/(-7). Let j = t - q. What are the prime factors of j?
2
Suppose u + 34 = -4*o, -6*u = -2*u - 8. Let q = -15 - o. What are the prime factors of 0/(-5) + q/(-2)?
3
Let i = 66 + 192. List the prime factors of i.
2, 3, 43
Let x = 24 - 11. What are the prime factors of x?
13
Suppose -25 = -2*z + 3*f + 123, 0 = -3*z + 3*f + 219. Let k = -47 + z. What are the prime factors of k?
2, 3
Let w(s) = -s**3 - 3*s**2 - 2*s - 1. Suppose 2*a = v - 6, -a - 2*a = 6. Suppose 3*u + h - v*h + 7 = 0, 2*h = -4.